{"id":6,"date":"2024-05-06T19:59:32","date_gmt":"2024-05-06T23:59:32","guid":{"rendered":"https:\/\/dsm.hannahwmoore.com\/?page_id=6"},"modified":"2026-08-02T18:53:23","modified_gmt":"2026-08-02T22:53:23","slug":"velkommen","status":"publish","type":"page","link":"https:\/\/www.danishsocietyma.org\/en\/","title":{"rendered":"Welcome to the Danish Society of Massachusetts"},"content":{"rendered":"<p>Danish Society of Massachusetts er en almennyttig organisation (nonprofit 501(c)(7)) som blev etableret for n\u00e6sten 50 \u00e5r siden.&nbsp;Foreningens form\u00e5l er at styrke det danske netv\u00e6rk, fejre danske traditioner og kultur og bevare det danske sprog.&nbsp;Vi samler danskere og andre med dansk baggrund eller tilknytning til hyggelige sociale og traditionelle danske arrangementer og byder nylig tilflyttede danskere velkommen til vores netv\u00e6rk. &nbsp;Vi er ikke begr\u00e6nset til Massachusetts, og hj\u00e6lper gerne med at skabe forbindelser i hele New England omr\u00e5det. Vores arrangementer er for alle danskere og personer med tilknytning til Danmark i omr\u00e5det, ikke kun medlemmer af Danish Society of Massachusetts.&nbsp;<\/p>\n\n\n\n<p><strong>We hope to see you at one of our events!<\/strong><\/p>\n\n\n\n<h2 class=\"wp-block-heading has-large-font-size\" style=\"margin-bottom:var(--wp--preset--spacing--20)\">Upcoming events<\/h2>\n\n\n\n<div class=\"wp-block-query is-layout-flow wp-block-query-is-layout-flow\"><ul class=\"columns-3 wp-block-post-template is-layout-grid wp-container-core-post-template-is-layout-1 wp-block-post-template-is-layout-grid\"><li class=\"wp-block-post post-966 tribe_events type-tribe_events status-publish has-post-thumbnail hentry\">\n\n<div class=\"wp-block-group has-global-padding is-layout-constrained wp-container-core-group-is-layout-2 wp-block-group-is-layout-constrained\" style=\"margin-top:0;padding-top:0;padding-bottom:0\">\n<div class=\"wp-block-columns is-layout-flex wp-container-core-columns-is-layout-2 wp-block-columns-is-layout-flex\">\n<div class=\"wp-block-column is-layout-flow wp-block-column-is-layout-flow\" style=\"flex-basis:100%\">\n<div class=\"wp-block-columns is-layout-flex wp-container-core-columns-is-layout-1 wp-block-columns-is-layout-flex\">\n<div class=\"wp-block-column is-layout-flow wp-block-column-is-layout-flow\" style=\"flex-basis:100%\"><figure style=\"aspect-ratio:16\/9;\" class=\"wp-block-post-featured-image\"><a href=\"https:\/\/www.danishsocietyma.org\/en\/event\/danskertraef-eftermiddag-i-parken-i-wellesley\/\" target=\"_self\"  ><img loading=\"lazy\" decoding=\"async\" width=\"2560\" height=\"1920\" src=\"https:\/\/www.danishsocietyma.org\/wp-content\/uploads\/2026\/07\/Perrin-Park-scaled.jpeg\" class=\"attachment-post-thumbnail size-post-thumbnail wp-post-image\" alt=\"Danskertr\u00e6f: \u00a0Eftermiddag\u00a0i\u00a0Parken\u00a0i Wellesley\" style=\"border-top-left-radius:10px;border-top-right-radius:10px;border-bottom-left-radius:0px;border-bottom-right-radius:0px;width:100%;height:100%;object-fit:cover;\" srcset=\"https:\/\/www.danishsocietyma.org\/wp-content\/uploads\/2026\/07\/Perrin-Park-scaled.jpeg 2560w, https:\/\/www.danishsocietyma.org\/wp-content\/uploads\/2026\/07\/Perrin-Park-300x225.jpeg 300w, https:\/\/www.danishsocietyma.org\/wp-content\/uploads\/2026\/07\/Perrin-Park-1024x768.jpeg 1024w, https:\/\/www.danishsocietyma.org\/wp-content\/uploads\/2026\/07\/Perrin-Park-768x576.jpeg 768w, https:\/\/www.danishsocietyma.org\/wp-content\/uploads\/2026\/07\/Perrin-Park-1536x1152.jpeg 1536w, https:\/\/www.danishsocietyma.org\/wp-content\/uploads\/2026\/07\/Perrin-Park-2048x1536.jpeg 2048w, https:\/\/www.danishsocietyma.org\/wp-content\/uploads\/2026\/07\/Perrin-Park-16x12.jpeg 16w\" sizes=\"(max-width: 2560px) 100vw, 2560px\" \/><\/a><\/figure><\/div>\n<\/div>\n<\/div>\n<\/div>\n\n\n\n<div class=\"wp-block-group has-background has-global-padding is-layout-constrained wp-container-core-group-is-layout-1 wp-block-group-is-layout-constrained\" style=\"background-color:#ffffff;padding-top:var(--wp--preset--spacing--10);padding-right:var(--wp--preset--spacing--10);padding-bottom:var(--wp--preset--spacing--10);padding-left:var(--wp--preset--spacing--10)\"><div class=\"wp-block-post-date\">\n        <div class=\"event-date-display\">\n            <span class=\"event-day\">12<\/span>\n            <span class=\"event-meta\">\n                <span class=\"event-month\">Sep<\/span>\n            <\/span>\n        <\/div><\/div>\n\n<h3 class=\"wp-block-post-title has-medium-font-size\"><a href=\"https:\/\/www.danishsocietyma.org\/en\/event\/danskertraef-eftermiddag-i-parken-i-wellesley\/\" target=\"_self\" >Danes Meetup: Afternoon in the Park in Wellesley<\/a><\/h3><p class=\"event-time\">1:00 pm<\/p><\/div>\n<\/div>\n\n<\/li><li class=\"wp-block-post post-886 tribe_events type-tribe_events status-publish has-post-thumbnail hentry\">\n\n<div class=\"wp-block-group has-global-padding is-layout-constrained wp-container-core-group-is-layout-4 wp-block-group-is-layout-constrained\" style=\"margin-top:0;padding-top:0;padding-bottom:0\">\n<div class=\"wp-block-columns is-layout-flex wp-container-core-columns-is-layout-4 wp-block-columns-is-layout-flex\">\n<div class=\"wp-block-column is-layout-flow wp-block-column-is-layout-flow\" style=\"flex-basis:100%\">\n<div class=\"wp-block-columns is-layout-flex wp-container-core-columns-is-layout-3 wp-block-columns-is-layout-flex\">\n<div class=\"wp-block-column is-layout-flow wp-block-column-is-layout-flow\" style=\"flex-basis:100%\"><figure style=\"aspect-ratio:16\/9;\" class=\"wp-block-post-featured-image\"><a href=\"https:\/\/www.danishsocietyma.org\/en\/event\/julehygge-for-hele-familien-2026\/\" target=\"_self\"  ><img loading=\"lazy\" decoding=\"async\" width=\"903\" height=\"639\" src=\"https:\/\/www.danishsocietyma.org\/wp-content\/uploads\/2025\/11\/julehygge.jpg\" class=\"attachment-post-thumbnail size-post-thumbnail wp-post-image\" alt=\"Save the date. Julehygge for hele Familien 2026\" style=\"border-top-left-radius:10px;border-top-right-radius:10px;border-bottom-left-radius:0px;border-bottom-right-radius:0px;width:100%;height:100%;object-fit:cover;\" srcset=\"https:\/\/www.danishsocietyma.org\/wp-content\/uploads\/2025\/11\/julehygge.jpg 903w, https:\/\/www.danishsocietyma.org\/wp-content\/uploads\/2025\/11\/julehygge-300x212.jpg 300w, https:\/\/www.danishsocietyma.org\/wp-content\/uploads\/2025\/11\/julehygge-768x543.jpg 768w\" sizes=\"(max-width: 903px) 100vw, 903px\" \/><\/a><\/figure><\/div>\n<\/div>\n<\/div>\n<\/div>\n\n\n\n<div class=\"wp-block-group has-background has-global-padding is-layout-constrained wp-container-core-group-is-layout-3 wp-block-group-is-layout-constrained\" style=\"background-color:#ffffff;padding-top:var(--wp--preset--spacing--10);padding-right:var(--wp--preset--spacing--10);padding-bottom:var(--wp--preset--spacing--10);padding-left:var(--wp--preset--spacing--10)\"><div class=\"wp-block-post-date\">\n        <div class=\"event-date-display\">\n            <span class=\"event-day\">5<\/span>\n            <span class=\"event-meta\">\n                <span class=\"event-month\">Dec<\/span>\n            <\/span>\n        <\/div><\/div>\n\n<h3 class=\"wp-block-post-title has-medium-font-size\"><a href=\"https:\/\/www.danishsocietyma.org\/en\/event\/julehygge-for-hele-familien-2026\/\" target=\"_self\" >Save the date. Christmas fun for the whole family 2026<\/a><\/h3><p class=\"event-time\">12:00 pm<\/p><\/div>\n<\/div>\n\n<\/li><li class=\"wp-block-post post-1084 tribe_events type-tribe_events status-publish has-post-thumbnail hentry\">\n\n<div class=\"wp-block-group has-global-padding is-layout-constrained wp-container-core-group-is-layout-6 wp-block-group-is-layout-constrained\" style=\"margin-top:0;padding-top:0;padding-bottom:0\">\n<div class=\"wp-block-columns is-layout-flex wp-container-core-columns-is-layout-6 wp-block-columns-is-layout-flex\">\n<div class=\"wp-block-column is-layout-flow wp-block-column-is-layout-flow\" style=\"flex-basis:100%\">\n<div class=\"wp-block-columns is-layout-flex wp-container-core-columns-is-layout-5 wp-block-columns-is-layout-flex\">\n<div class=\"wp-block-column is-layout-flow wp-block-column-is-layout-flow\" style=\"flex-basis:100%\"><figure style=\"aspect-ratio:16\/9;\" class=\"wp-block-post-featured-image\"><a href=\"https:\/\/www.danishsocietyma.org\/en\/event\/save-the-date-fastelavn-2027\/\" target=\"_self\"  ><img loading=\"lazy\" decoding=\"async\" width=\"526\" height=\"275\" src=\"https:\/\/www.danishsocietyma.org\/wp-content\/uploads\/2026\/06\/fastelavn.jpg\" class=\"attachment-post-thumbnail size-post-thumbnail wp-post-image\" alt=\"Save the Date. Fastelavn 2027.\" style=\"border-top-left-radius:10px;border-top-right-radius:10px;border-bottom-left-radius:0px;border-bottom-right-radius:0px;width:100%;height:100%;object-fit:cover;\" srcset=\"https:\/\/www.danishsocietyma.org\/wp-content\/uploads\/2026\/06\/fastelavn.jpg 526w, https:\/\/www.danishsocietyma.org\/wp-content\/uploads\/2026\/06\/fastelavn-300x157.jpg 300w, https:\/\/www.danishsocietyma.org\/wp-content\/uploads\/2026\/06\/fastelavn-18x9.jpg 18w\" sizes=\"(max-width: 526px) 100vw, 526px\" \/><\/a><\/figure><\/div>\n<\/div>\n<\/div>\n<\/div>\n\n\n\n<div class=\"wp-block-group has-background has-global-padding is-layout-constrained wp-container-core-group-is-layout-5 wp-block-group-is-layout-constrained\" style=\"background-color:#ffffff;padding-top:var(--wp--preset--spacing--10);padding-right:var(--wp--preset--spacing--10);padding-bottom:var(--wp--preset--spacing--10);padding-left:var(--wp--preset--spacing--10)\"><div class=\"wp-block-post-date\">\n        <div class=\"event-date-display\">\n            <span class=\"event-day\">7<\/span>\n            <span class=\"event-meta\">\n                <span class=\"event-month\">Feb<\/span>\n            <\/span>\n        <\/div><\/div>\n\n<h3 class=\"wp-block-post-title has-medium-font-size\"><a href=\"https:\/\/www.danishsocietyma.org\/en\/event\/save-the-date-fastelavn-2027\/\" target=\"_self\" >Save the Date. Fastelavn 2027.<\/a><\/h3><p class=\"event-time\">1:00 pm<\/p><\/div>\n<\/div>\n\n<\/li><\/ul>\n\n<nav class=\"wp-block-query-pagination is-layout-flex wp-block-query-pagination-is-layout-flex\" aria-label=\"Pagination\">\n\n\n<div class=\"wp-block-query-pagination-numbers\"><span aria-current=\"page\" class=\"page-numbers current\">1<\/span>\n<a class=\"page-numbers\" href=\"?query-37-page=2\">2<\/a><\/div>\n\n<a href=\"\/en\/wp-json\/wp\/v2\/pages\/6?query-37-page=2\" class=\"wp-block-query-pagination-next\">Next Page<\/a>\n<\/nav>\n\n<\/div>\n\n\n\n<h2 class=\"wp-block-heading has-large-font-size\">Spotlight: The Sarasa Ensemble. Nordic Circle. Music from Scandinavian Nations<\/h2>\n\n\n\n<p class=\"has-text-align-left\">Nov 14 @ 7pm, Cambridge, MA<\/p>\n\n\n\n<p class=\"has-text-align-left\">Nov 15, @ 3:30 pm. Lexington, MA<\/p>\n\n\n\n<figure class=\"wp-block-image size-large is-resized wp-duotone-unset-1\"><img loading=\"lazy\" decoding=\"async\" width=\"1024\" height=\"683\" src=\"https:\/\/www.danishsocietyma.org\/wp-content\/uploads\/2026\/08\/Image-4-1024x683.jpeg\" alt=\"\" class=\"wp-image-993\" style=\"width:273px;height:auto\" srcset=\"https:\/\/www.danishsocietyma.org\/wp-content\/uploads\/2026\/08\/Image-4-1024x683.jpeg 1024w, https:\/\/www.danishsocietyma.org\/wp-content\/uploads\/2026\/08\/Image-4-300x200.jpeg 300w, https:\/\/www.danishsocietyma.org\/wp-content\/uploads\/2026\/08\/Image-4-768x512.jpeg 768w, https:\/\/www.danishsocietyma.org\/wp-content\/uploads\/2026\/08\/Image-4-1536x1024.jpeg 1536w, https:\/\/www.danishsocietyma.org\/wp-content\/uploads\/2026\/08\/Image-4-2048x1366.jpeg 2048w, https:\/\/www.danishsocietyma.org\/wp-content\/uploads\/2026\/08\/Image-4-18x12.jpeg 18w\" sizes=\"(max-width: 1024px) 100vw, 1024px\" \/><\/figure>\n\n\n\n<p>  <a href=\"https:\/\/www.sarasamusic.org\/nordic\">https:\/\/www.sarasamusic.org\/nordic<\/a><\/p>\n\n\n\n<p><\/p>\n\n\n\n<p><\/p>","protected":false},"excerpt":{"rendered":"<p>Danish Society of Massachusetts er en almennyttig organisation (nonprofit 501(c)(7)) som blev etableret for n\u00e6sten 50 \u00e5r siden.&nbsp;Foreningens form\u00e5l er at styrke det danske netv\u00e6rk, fejre danske traditioner og kultur [&hellip;]<\/p>\n","protected":false},"author":1,"featured_media":981,"parent":0,"menu_order":0,"comment_status":"closed","ping_status":"closed","template":"","meta":{"_acf_changed":false,"_EventAllDay":false,"_EventTimezone":"","_EventStartDate":"","_EventEndDate":"","_EventStartDateUTC":"","_EventEndDateUTC":"","_EventShowMap":false,"_EventShowMapLink":false,"_EventURL":"","_EventCost":"","_EventCostDescription":"","_EventCurrencySymbol":"","_EventCurrencyCode":"","_EventCurrencyPosition":"","_EventDateTimeSeparator":"","_EventTimeRangeSeparator":"","_EventOrganizerID":[],"_EventVenueID":[],"_OrganizerEmail":"","_OrganizerPhone":"","_OrganizerWebsite":"","_VenueAddress":"","_VenueCity":"","_VenueCountry":"","_VenueProvince":"","_VenueState":"","_VenueZip":"","_VenuePhone":"","_VenueURL":"","_VenueStateProvince":"","_VenueLat":"","_VenueLng":"","_VenueShowMap":false,"_VenueShowMapLink":false,"footnotes":""},"class_list":["post-6","page","type-page","status-publish","has-post-thumbnail","hentry"],"acf":[],"_links":{"self":[{"href":"https:\/\/www.danishsocietyma.org\/en\/wp-json\/wp\/v2\/pages\/6"}],"collection":[{"href":"https:\/\/www.danishsocietyma.org\/en\/wp-json\/wp\/v2\/pages"}],"about":[{"href":"https:\/\/www.danishsocietyma.org\/en\/wp-json\/wp\/v2\/types\/page"}],"author":[{"embeddable":true,"href":"https:\/\/www.danishsocietyma.org\/en\/wp-json\/wp\/v2\/users\/1"}],"replies":[{"embeddable":true,"href":"https:\/\/www.danishsocietyma.org\/en\/wp-json\/wp\/v2\/comments?post=6"}],"version-history":[{"count":58,"href":"https:\/\/www.danishsocietyma.org\/en\/wp-json\/wp\/v2\/pages\/6\/revisions"}],"predecessor-version":[{"id":1001,"href":"https:\/\/www.danishsocietyma.org\/en\/wp-json\/wp\/v2\/pages\/6\/revisions\/1001"}],"wp:featuredmedia":[{"embeddable":true,"href":"https:\/\/www.danishsocietyma.org\/en\/wp-json\/wp\/v2\/media\/981"}],"wp:attachment":[{"href":"https:\/\/www.danishsocietyma.org\/en\/wp-json\/wp\/v2\/media?parent=6"}],"curies":[{"name":"wp","href":"https:\/\/api.w.org\/{rel}","templated":true}]}}

<p>Danish Society of Massachusetts er en almennyttig organisation (nonprofit 501(c)(7)) som blev etableret for næsten 50 år siden.&nbsp;Foreningens formål er at styrke det danske netværk, fejre danske traditioner og kultur og bevare det danske sprog.&nbsp;Vi samler danskere og andre med dansk baggrund eller tilknytning til hyggelige sociale og traditionelle danske arrangementer og byder nylig tilflyttede danskere velkommen til vores netværk. &nbsp;Vi er ikke begrænset til Massachusetts, og hjælper gerne med at skabe forbindelser i hele New England området. Vores arrangementer er for alle danskere og personer med tilknytning til Danmark i området, ikke kun medlemmer af Danish Society of Massachusetts.&nbsp;</p>



<p><strong>We hope to see you at one of our events!</strong></p>



<h2 class="wp-block-heading has-large-font-size" style="margin-bottom:var(--wp--preset--spacing--20)">Upcoming events</h2>



<div class="wp-block-query is-layout-flow wp-block-query-is-layout-flow"><ul class="columns-3 wp-block-post-template is-layout-grid wp-container-core-post-template-is-layout-1 wp-block-post-template-is-layout-grid"><li class="wp-block-post post-966 tribe_events type-tribe_events status-publish has-post-thumbnail hentry">

<div class="wp-block-group has-global-padding is-layout-constrained wp-container-core-group-is-layout-2 wp-block-group-is-layout-constrained" style="margin-top:0;padding-top:0;padding-bottom:0">
<div class="wp-block-columns is-layout-flex wp-container-core-columns-is-layout-2 wp-block-columns-is-layout-flex">
<div class="wp-block-column is-layout-flow wp-block-column-is-layout-flow" style="flex-basis:100%">
<div class="wp-block-columns is-layout-flex wp-container-core-columns-is-layout-1 wp-block-columns-is-layout-flex">
<div class="wp-block-column is-layout-flow wp-block-column-is-layout-flow" style="flex-basis:100%"><figure style="aspect-ratio:16/9;" class="wp-block-post-featured-image"><a href="https://www.danishsocietyma.org/en/event/danskertraef-eftermiddag-i-parken-i-wellesley/" target="_self"  ><img loading="lazy" decoding="async" width="2560" height="1920" src="https://www.danishsocietyma.org/wp-content/uploads/2026/07/Perrin-Park-scaled.jpeg" class="attachment-post-thumbnail size-post-thumbnail wp-post-image" alt="Danskertræf:  Eftermiddag i Parken i Wellesley" style="border-top-left-radius:10px;border-top-right-radius:10px;border-bottom-left-radius:0px;border-bottom-right-radius:0px;width:100%;height:100%;object-fit:cover;" srcset="https://www.danishsocietyma.org/wp-content/uploads/2026/07/Perrin-Park-scaled.jpeg 2560w, https://www.danishsocietyma.org/wp-content/uploads/2026/07/Perrin-Park-300x225.jpeg 300w, https://www.danishsocietyma.org/wp-content/uploads/2026/07/Perrin-Park-1024x768.jpeg 1024w, https://www.danishsocietyma.org/wp-content/uploads/2026/07/Perrin-Park-768x576.jpeg 768w, https://www.danishsocietyma.org/wp-content/uploads/2026/07/Perrin-Park-1536x1152.jpeg 1536w, https://www.danishsocietyma.org/wp-content/uploads/2026/07/Perrin-Park-2048x1536.jpeg 2048w, https://www.danishsocietyma.org/wp-content/uploads/2026/07/Perrin-Park-16x12.jpeg 16w" sizes="(max-width: 2560px) 100vw, 2560px" /></a></figure></div>
</div>
</div>
</div>



<div class="wp-block-group has-background has-global-padding is-layout-constrained wp-container-core-group-is-layout-1 wp-block-group-is-layout-constrained" style="background-color:#ffffff;padding-top:var(--wp--preset--spacing--10);padding-right:var(--wp--preset--spacing--10);padding-bottom:var(--wp--preset--spacing--10);padding-left:var(--wp--preset--spacing--10)"><div class="wp-block-post-date">
        <div class="event-date-display">
            <span class="event-day">12</span>
            <span class="event-meta">
                <span class="event-month">Sep</span>
            </span>
        </div></div>

<h3 class="wp-block-post-title has-medium-font-size"><a href="https://www.danishsocietyma.org/en/event/danskertraef-eftermiddag-i-parken-i-wellesley/" target="_self" >Danes Meetup: Afternoon in the Park in Wellesley</a></h3><p class="event-time">1:00 pm</p></div>
</div>

</li><li class="wp-block-post post-886 tribe_events type-tribe_events status-publish has-post-thumbnail hentry">

<div class="wp-block-group has-global-padding is-layout-constrained wp-container-core-group-is-layout-4 wp-block-group-is-layout-constrained" style="margin-top:0;padding-top:0;padding-bottom:0">
<div class="wp-block-columns is-layout-flex wp-container-core-columns-is-layout-4 wp-block-columns-is-layout-flex">
<div class="wp-block-column is-layout-flow wp-block-column-is-layout-flow" style="flex-basis:100%">
<div class="wp-block-columns is-layout-flex wp-container-core-columns-is-layout-3 wp-block-columns-is-layout-flex">
<div class="wp-block-column is-layout-flow wp-block-column-is-layout-flow" style="flex-basis:100%"><figure style="aspect-ratio:16/9;" class="wp-block-post-featured-image"><a href="https://www.danishsocietyma.org/en/event/julehygge-for-hele-familien-2026/" target="_self"  ><img loading="lazy" decoding="async" width="903" height="639" src="https://www.danishsocietyma.org/wp-content/uploads/2025/11/julehygge.jpg" class="attachment-post-thumbnail size-post-thumbnail wp-post-image" alt="Save the date. Julehygge for hele Familien 2026" style="border-top-left-radius:10px;border-top-right-radius:10px;border-bottom-left-radius:0px;border-bottom-right-radius:0px;width:100%;height:100%;object-fit:cover;" srcset="https://www.danishsocietyma.org/wp-content/uploads/2025/11/julehygge.jpg 903w, https://www.danishsocietyma.org/wp-content/uploads/2025/11/julehygge-300x212.jpg 300w, https://www.danishsocietyma.org/wp-content/uploads/2025/11/julehygge-768x543.jpg 768w" sizes="(max-width: 903px) 100vw, 903px" /></a></figure></div>
</div>
</div>
</div>



<div class="wp-block-group has-background has-global-padding is-layout-constrained wp-container-core-group-is-layout-3 wp-block-group-is-layout-constrained" style="background-color:#ffffff;padding-top:var(--wp--preset--spacing--10);padding-right:var(--wp--preset--spacing--10);padding-bottom:var(--wp--preset--spacing--10);padding-left:var(--wp--preset--spacing--10)"><div class="wp-block-post-date">
        <div class="event-date-display">
            <span class="event-day">5</span>
            <span class="event-meta">
                <span class="event-month">Dec</span>
            </span>
        </div></div>

<h3 class="wp-block-post-title has-medium-font-size"><a href="https://www.danishsocietyma.org/en/event/julehygge-for-hele-familien-2026/" target="_self" >Save the date. Christmas fun for the whole family 2026</a></h3><p class="event-time">12:00 pm</p></div>
</div>

</li><li class="wp-block-post post-1084 tribe_events type-tribe_events status-publish has-post-thumbnail hentry">

<div class="wp-block-group has-global-padding is-layout-constrained wp-container-core-group-is-layout-6 wp-block-group-is-layout-constrained" style="margin-top:0;padding-top:0;padding-bottom:0">
<div class="wp-block-columns is-layout-flex wp-container-core-columns-is-layout-6 wp-block-columns-is-layout-flex">
<div class="wp-block-column is-layout-flow wp-block-column-is-layout-flow" style="flex-basis:100%">
<div class="wp-block-columns is-layout-flex wp-container-core-columns-is-layout-5 wp-block-columns-is-layout-flex">
<div class="wp-block-column is-layout-flow wp-block-column-is-layout-flow" style="flex-basis:100%"><figure style="aspect-ratio:16/9;" class="wp-block-post-featured-image"><a href="https://www.danishsocietyma.org/en/event/save-the-date-fastelavn-2027/" target="_self"  ><img loading="lazy" decoding="async" width="526" height="275" src="https://www.danishsocietyma.org/wp-content/uploads/2026/06/fastelavn.jpg" class="attachment-post-thumbnail size-post-thumbnail wp-post-image" alt="Save the Date. Fastelavn 2027." style="border-top-left-radius:10px;border-top-right-radius:10px;border-bottom-left-radius:0px;border-bottom-right-radius:0px;width:100%;height:100%;object-fit:cover;" srcset="https://www.danishsocietyma.org/wp-content/uploads/2026/06/fastelavn.jpg 526w, https://www.danishsocietyma.org/wp-content/uploads/2026/06/fastelavn-300x157.jpg 300w, https://www.danishsocietyma.org/wp-content/uploads/2026/06/fastelavn-18x9.jpg 18w" sizes="(max-width: 526px) 100vw, 526px" /></a></figure></div>
</div>
</div>
</div>



<div class="wp-block-group has-background has-global-padding is-layout-constrained wp-container-core-group-is-layout-5 wp-block-group-is-layout-constrained" style="background-color:#ffffff;padding-top:var(--wp--preset--spacing--10);padding-right:var(--wp--preset--spacing--10);padding-bottom:var(--wp--preset--spacing--10);padding-left:var(--wp--preset--spacing--10)"><div class="wp-block-post-date">
        <div class="event-date-display">
            <span class="event-day">7</span>
            <span class="event-meta">
                <span class="event-month">Feb</span>
            </span>
        </div></div>

<h3 class="wp-block-post-title has-medium-font-size"><a href="https://www.danishsocietyma.org/en/event/save-the-date-fastelavn-2027/" target="_self" >Save the Date. Fastelavn 2027.</a></h3><p class="event-time">1:00 pm</p></div>
</div>

</li></ul>

<nav class="wp-block-query-pagination is-layout-flex wp-block-query-pagination-is-layout-flex" aria-label="Pagination">


<div class="wp-block-query-pagination-numbers"><span aria-current="page" class="page-numbers current">1</span>
<a class="page-numbers" href="?query-37-page=2">2</a></div>

<a href="/en/wp-json/wp/v2/pages/6?query-37-page=2" class="wp-block-query-pagination-next">Next Page</a>
</nav>

</div>



<h2 class="wp-block-heading has-large-font-size">Spotlight: The Sarasa Ensemble. Nordic Circle. Music from Scandinavian Nations</h2>



<p class="has-text-align-left">Nov 14 @ 7pm, Cambridge, MA</p>



<p class="has-text-align-left">Nov 15, @ 3:30 pm. Lexington, MA</p>



<figure class="wp-block-image size-large is-resized wp-duotone-unset-1"><img loading="lazy" decoding="async" width="1024" height="683" src="https://www.danishsocietyma.org/wp-content/uploads/2026/08/Image-4-1024x683.jpeg" alt="" class="wp-image-993" style="width:273px;height:auto" srcset="https://www.danishsocietyma.org/wp-content/uploads/2026/08/Image-4-1024x683.jpeg 1024w, https://www.danishsocietyma.org/wp-content/uploads/2026/08/Image-4-300x200.jpeg 300w, https://www.danishsocietyma.org/wp-content/uploads/2026/08/Image-4-768x512.jpeg 768w, https://www.danishsocietyma.org/wp-content/uploads/2026/08/Image-4-1536x1024.jpeg 1536w, https://www.danishsocietyma.org/wp-content/uploads/2026/08/Image-4-2048x1366.jpeg 2048w, https://www.danishsocietyma.org/wp-content/uploads/2026/08/Image-4-18x12.jpeg 18w" sizes="(max-width: 1024px) 100vw, 1024px" /></figure>



<p>  <a href="https://www.sarasamusic.org/nordic">https://www.sarasamusic.org/nordic</a></p>



<p></p>



<p></p>

<p>Danish Society of Massachusetts er en almennyttig organisation (nonprofit 501(c)(7)) som blev etableret for næsten 50 år siden.&nbsp;Foreningens formål er at styrke det danske netværk, fejre danske traditioner og kultur [&hellip;]</p>
